) = p**3 - 8*p**2 + 8*p - 9. Let v be n(7). Let y(w) = -2*w**3 - 3*w**2 - 2*w - 2. Let l be y(v). Suppose l + 28 = 2*b. What are the prime factors of b?
17
Let v be -3 + (-1 - -1) + -1. List the prime factors of (-9)/(-3 - v - 2).
3
Suppose -4*w + i - 4 = 0, 3*i = -w + i - 1. Let g be (w/2)/(5/(-10)). Let d = g - -6. What are the prime factors of d?
7
Suppose -7*m + 10 = -2*m. Suppose 0 = -m*g - 2*d + 26, -g - 4*g = 4*d - 62. List the prime factors of g.
2, 5
Let d = 3 + -1. Suppose -c - 2 = -5. Suppose -b + 7 = 3*w - 9, -d*w + c*b = -18. List the prime factors of w.
2, 3
Suppose 3*x + 0*x - 7 = 2*f, -3*f - 8 = -2*x. Let q be 4*f/(-1 + 0). Let g(w) = -w + 11. List the prime factors of g(q).
3
Let k(t) = 5*t - 16. Let o(f) = -f + 3. Let d(w) = 2*k(w) + 11*o(w). Suppose -4*j - j - 20 = 0. What are the prime factors of d(j)?
5
Suppose 2*o - 30 - 58 = 5*h, -h + 247 = 5*o. Suppose -74 = -5*k + 2*z, 2*k + 2*k - o = 5*z. List the prime factors of k.
2
Suppose 0 = -j + 5. Suppose j*p = 5 + 15. Suppose -8 - 8 = -p*m. List the prime factors of m.
2
Suppose -240 = 3*t - 6*t. What are the prime factors of t?
2, 5
What are the prime factors of 52 - (4 - 7) - 4?
3, 17
Let p(m) = m**3 - 3*m**2 - 4*m + 5. Let g be p(4). Suppose g = 4*q - 99. What are the prime factors of q?
2, 13
Let o(q) be the second derivative of -q**5/20 - 5*q**4/4 + 5*q**3/2 + 7*q**2/2 + 5*q. List the prime factors of o(-16).
23
Suppose -v + 3 = -4. Let m = v + 11. What are the prime factors of m?
2, 3
Let u(k) = k**2 + 5*k - 14. What are the prime factors of u(6)?
2, 13
Let o be 87/5 + 2/(-5). Suppose -y + 4*y = c + 71, 2*y + 2*c - 34 = 0. Suppose 3*n - y = o. List the prime factors of n.
13
Suppose -2*k + 4*y + 250 = 0, 0 = k + 4*y - 39 - 110. List the prime factors of k.
7, 19
Suppose -3*k = 4 + 2. Let a = 10 + k. Let m = a - 5. What are the prime factors of m?
3
Let t(c) = -2*c**2 - 2*c. Suppose -2*b = 3*b + 10. Let u be t(b). What are the prime factors of 2 + -4 + 0 - u?
2
Let y = 2 - 7. Let w(u) = -u**3 - 7*u**2 + 2*u - 1. Let i(n) = n**2 + 1. Let l(x) = -2*i(x) - w(x). List the prime factors of l(y).
3
Let b = -98 - -153. What are the prime factors of b?
5, 11
Let t = -10 + -6. List the prime factors of (-11)/(-4) - (-12)/t.
2
Let g(a) = -a - 1. Let n be g(-1). Suppose -b + 11 = -n*b. What are the prime factors of b?
11
Suppose 0 = 2*x - x - 43. What are the prime factors of x?
43
What are the prime factors of 93 + (-1 - 2) + 1?
7, 13
What are the prime factors of (14/1)/((-3)/(-45)*5)?
2, 3, 7
Let u(b) = 28*b**3 + b**2 - b - 1. Let y be u(-1). Let d = y + 63. What are the prime factors of d?
2, 3
Let n be 8/3 - 2/3. Suppose 5*h = -0*h - 5, -f - 4*h + 1 = 0. Suppose 5*a = 5*z + 10, 0 = 3*a - f*z - 2 - n. List the prime factors of a.
3
Suppose 0 = 2*c - 3*c - 6. Let h be (-3)/c*2 + 3. Let u(k) = -k**2 + 4*k + 5. What are the prime factors of u(h)?
5
Let i(q) = 7 - 4*q**2 + q**3 + 8*q**2 - 3. Let x be i(-3). Let c = -9 + x. List the prime factors of c.
2
Let w(h) = -h**3 - 9*h**2. Let k be w(-9). Suppose 0*t - t = k. Suppose t*v - 3*v = -33. What are the prime factors of v?
11
Suppose 3*n = -3*g + 12, 0 = 2*n - 4 + 12. What are the prime factors of g?
2
Let w(i) = i + 13. Let c be 2/(-14) + (-144)/21. What are the prime factors of w(c)?
2, 3
Let v = 84 + -28. What are the prime factors of v?
2, 7
Let f = 37 - 22. Let q = 25 - f. Let b = q + -3. What are the prime factors of b?
7
Let a(z) = z**2 - 17*z + 31. List the prime factors of a(22).
3, 47
Suppose 3060 = 9*k + 8*k. What are the prime factors of k?
2, 3, 5
Suppose 12*m + 116 = 16*m. List the prime factors of m.
29
Suppose -x + 4 = x. What are the prime factors of x/((-8)/(-90))*2?
3, 5
Suppose -4*t - k + 238 = 0, 6*k - 8 = 2*k. List the prime factors of t.
59
Let s(n) be the first derivative of -n**4/4 + 5*n**3/3 + 2*n**2 - 3*n + 4. What are the prime factors of s(4)?
29
Let j = 5 - 1. List the prime factors of (6/j)/(4/72).
3
Let r(q) = q**3 + 7*q**2 + 4. Let h be r(-7). Let k = h + -3. What are the prime factors of (-90)/(-12) + k/(-2)?
7
Suppose 3*z - 2*z + 3*m = -22, 2*z = -4*m - 44. Let t = -12 - z. What are the prime factors of t?
2, 5
Suppose -l + 5 - 1 = 0. What are the prime factors of -4*((-2)/l - 3)?
2, 7
Let z = 107 + -46. List the prime factors of z.
61
Let h = 22 - 8. Let p = 15 - 17. Let w = p + h. What are the prime factors of w?
2, 3
Let q be -3 - ((2 - 22) + 0). Suppose -3*u - 35 = -2*t, -5*u = -4*t + 88 - q. What are the prime factors of t?
19
Suppose 4*k - 12 = 3*x - 0*k, 4*x + k + 16 = 0. Let m(s) = s**2 + 4*s + 2. What are the prime factors of m(x)?
2
What are the prime factors of 14/(-4)*(-7 - 3)?
5, 7
Let m be -1*3 - (-2)/2. What are the prime factors of 4/((-5)/(5/m))?
2
List the prime factors of (-6)/(-4 - -1) + 203.
5, 41
Suppose -x = x - 4. Let i = 29 - 17. Suppose -x*w + i = w. What are the prime factors of w?
2
Suppose 72 = 4*x - 32. What are the prime factors of x?
2, 13
Suppose -4*d - m + 345 = -0*m, m = d - 80. What are the prime factors of d?
5, 17
Suppose -o + p + 11 = 0, -o + 5*o = 5*p + 41. List the prime factors of o.
2, 7
Let u = 173 + -74. What are the prime factors of u?
3, 11
Let v(t) = 7*t - 5. What are the prime factors of v(7)?
2, 11
Suppose -25 = -5*l + 10. Let z = 15 - l. What are the prime factors of z?
2
Let s(g) be the first derivative of g**3/3 - 5*g**2/2 + 6*g + 1. Let r be s(4). What are the prime factors of r/3 - (-38)/6?
7
Suppose -2*o = 2, 5*q - q + 2*o - 30 = 0. Suppose -5*a + 3*v + q = -5, -4*a = -4*v - 4. Suppose -10 = a*z - 40. What are the prime factors of z?
2, 3
Suppose 0 = -h + 5*h - 16. Suppose 0 = -h*m - m. Suppose k + 3*s - 2*s = 13, m = -5*k + 4*s + 20. What are the prime factors of k?
2
Suppose -5*s + 25 = 15. Suppose -5 = -3*j - 2*j. Let g = j + s. What are the prime factors of g?
3
Suppose -3*q = o + 98, 0 = -2*q + 4*q - 3*o + 58. List the prime factors of q/(-14) + 4/(-14).
2
Let u be ((-20)/30)/(4/78). Let t = u + 24. List the prime factors of t.
11
Suppose 0 = 5*j - 180 - 180. List the prime factors of j.
2, 3
Let t(s) = s**3 - 3*s**2. Let d be t(2). Let j(y) = -y**3 - 3*y**2 + y - 4. List the prime factors of j(d).
2
Suppose 3*v - 1 - 2 = -4*h, 4*h = -5*v + 13. Let f = h + 6. What are the prime factors of 1*f - 3/3?
2
Suppose 0 = 2*z - s - 153, -3*z - 2*s + 265 = 25. List the prime factors of z.
2, 3, 13
Suppose 5*b = 2*b. Suppose b = -n - 0*n. Suppose -2*z + 0*o = -2*o - 6, 5*z - 2*o - 30 = n. List the prime factors of z.
2
Let p = 41 - 28. List the prime factors of p.
13
Let s(h) = 2*h**2 + 2*h - 5. Let v be s(-4). Suppose -n + 5 = 2*q, n + 0*q - 3 = -3*q. Let b = v - n. List the prime factors of b.
2, 5
Let k(v) = -v + 10. Suppose -w - 8 = -2*w. Let p be k(w). Suppose 3*g = -3*c + 51, -3*g + 27 = -p*g + 3*c. List the prime factors of g.
2, 3
What are the prime factors of (-3)/(-12)*2 - (-1062)/12?
89
Let p be 5/3*(-5 + 2). Let q(c) = 3*c**2 + 4. Let b(v) = -v**2 - 1. Let t(u) = p*b(u) - q(u). What are the prime factors of t(-2)?
3
Let f = -7 + 7. Suppose -3*u = -c - u + 5, -3*c + 3*u + 15 = f. List the prime factors of c.
5
Let u(p) = -2*p**3 + 5*p**2 + 3*p + 3. Let t be u(4). Let v = -19 - t. What are the prime factors of v?
2, 7
Suppose -s = 4*q - 98, 3*s + 3*q - 246 - 48 = 0. What are the prime factors of s?
2, 7
Let z = -31 + 38. List the prime factors of z.
7
Let k(b) = b**3 + 17*b**2 - 8*b - 14. What are the prime factors of k(-17)?
2, 61
Let i be (0/5)/(2/(-1)). Suppose i = -0*k + k + 19. List the prime factors of (1 - 3)/(2/k).
19
Let g = 0 + -1. List the prime factors of 39/(-4 - 5/g).
3, 13
Let k(v) = 5*v**2 - 3*v + 3. Let n be k(2). List the prime factors of (n/2)/((-9)/(-18)).
17
Let p(d) = d**2 - d + 10. Let u be ((-112)/35)/(2/(-5)). Let l be p(u). What are the prime factors of 3/6 + l/4?
17
Suppose -9 = -3*o - 0. Suppose 0 = -s - o, 2*v = -s + 15 + 10. List the prime factors of v.
2, 7
Let f = 637 + -435. List the prime factors of f.
2, 101
Let l = 47 - 8. What are the prime factors of l?
3, 13
Suppose 5*a - 7 + 22 = 0. Let c = a - -6. What are the prime factors of c?
3
Let w be 4/(-18) + 4/18. Suppose -4*h + 68 = 4*x, 2*x - h + w*h = 49. List the prime factors of x.
2, 11
Suppose 3*l - 204 = -l. Suppose 0 = 3*c + w - 106, -2*c - 2